{"id":224,"date":"2019-02-19T13:11:21","date_gmt":"2019-02-19T12:11:21","guid":{"rendered":"https:\/\/www.domwest.com\/faq\/?page_id=224"},"modified":"2022-09-30T08:57:56","modified_gmt":"2022-09-30T06:57:56","slug":"certificat_https_gratuit","status":"publish","type":"page","link":"https:\/\/www.domwest.com\/faq\/hebergement_site_web\/certificat_https_gratuit\/","title":{"rendered":"Cr\u00e9er un certificat gratuit et activer HTTPS sur mon site web"},"content":{"rendered":"<p>Vous pouvez g\u00e9n\u00e9rer gratuitement un certificat TLS pour activer HTTPS sur chaque sous-domaine cr\u00e9\u00e9 dans notre offre d&rsquo;h\u00e9bergement Lite, Base ou \u00c9tendu. Ce tuto ne reprend pas la mise en place du sous-domaine qui fait l&rsquo;objet d&rsquo;un tuto s\u00e9par\u00e9.<\/p>\n<h2>1 \u2013 Connectez-vous \u00e0 la <a title=\"Plateforme d'administration des solutions DomWest\" href=\"https:\/\/client.domwest.com\" target=\"_blank\" rel=\"noopener\">zone client<\/a> avec vos identifiants<\/h2>\n<p><img loading=\"lazy\" decoding=\"async\" class=\"alignnone size-medium wp-image-386\" src=\"https:\/\/www.domwest.com\/faq\/wp-content\/uploads\/2022\/07\/Authentification_compte_domwest-300x295.png\" sizes=\"auto, (max-width: 300px) 100vw, 300px\" srcset=\"https:\/\/www.domwest.com\/faq\/wp-content\/uploads\/2022\/07\/Authentification_compte_domwest-300x295.png 300w, https:\/\/www.domwest.com\/faq\/wp-content\/uploads\/2022\/07\/Authentification_compte_domwest.png 426w\" alt=\"Authentification site client domwest\" width=\"300\" height=\"295\" \/><\/p>\n<h2>2 &#8211; Cliquez sur \u00ab\u00a0Les sites h\u00e9berg\u00e9s\u00a0\u00bb puis \u00ab\u00a0Sous-domaines\u00a0\u00bb<\/h2>\n<p><img loading=\"lazy\" decoding=\"async\" class=\"alignnone size-full wp-image-461\" src=\"https:\/\/www.domwest.com\/faq\/wp-content\/uploads\/2022\/09\/Domwest_certificat_tls_menu_sous_domaine.png\" alt=\"\" width=\"241\" height=\"218\" \/><\/p>\n<h2><em>3 \u2013 Si vous poss\u00e9dez plusieurs h\u00e9bergements<\/em><\/h2>\n<p><em>Choisissez celui sur lequel vous souhaitez intervenir gr\u00e2ce \u00e0 <\/em><em>la liste en haut de l\u2019\u00e9cran.<\/em><\/p>\n<p><img loading=\"lazy\" decoding=\"async\" class=\"alignnone size-medium wp-image-463\" src=\"https:\/\/www.domwest.com\/faq\/wp-content\/uploads\/2022\/09\/Domwest_certificat_tls_choisir_hebergement-300x105.png\" alt=\"\" width=\"300\" height=\"105\" srcset=\"https:\/\/www.domwest.com\/faq\/wp-content\/uploads\/2022\/09\/Domwest_certificat_tls_choisir_hebergement-300x105.png 300w, https:\/\/www.domwest.com\/faq\/wp-content\/uploads\/2022\/09\/Domwest_certificat_tls_choisir_hebergement.png 562w\" sizes=\"auto, (max-width: 300px) 100vw, 300px\" \/><\/p>\n<h2>4 &#8211; C<strong>liquez sur le sous-domaine pour lequel vous souhaitez obtenir un certificat TLS afin d&rsquo;activer https puis sur \u00ab\u00a0Modifier\u00a0\u00bb<\/strong><\/h2>\n<p><img loading=\"lazy\" decoding=\"async\" class=\"alignnone size-medium wp-image-468\" src=\"https:\/\/www.domwest.com\/faq\/wp-content\/uploads\/2022\/09\/Domwest_certificat_tls_choisir_sous_domaine-300x127.png\" alt=\"\" width=\"300\" height=\"127\" srcset=\"https:\/\/www.domwest.com\/faq\/wp-content\/uploads\/2022\/09\/Domwest_certificat_tls_choisir_sous_domaine-300x127.png 300w, https:\/\/www.domwest.com\/faq\/wp-content\/uploads\/2022\/09\/Domwest_certificat_tls_choisir_sous_domaine.png 665w\" sizes=\"auto, (max-width: 300px) 100vw, 300px\" \/><\/p>\n<h2>5 &#8211; Cliquez sur \u00ab\u00a0Fonctionnalit\u00e9s\u00a0\u00bb et activez une version 5.6 ou sup\u00e9rieure de php<\/h2>\n<p><img loading=\"lazy\" decoding=\"async\" class=\"alignnone size-medium wp-image-470\" src=\"https:\/\/www.domwest.com\/faq\/wp-content\/uploads\/2022\/09\/Domwest_certificat_tls_choisir_fonctionnalite-300x101.png\" alt=\"\" width=\"300\" height=\"101\" srcset=\"https:\/\/www.domwest.com\/faq\/wp-content\/uploads\/2022\/09\/Domwest_certificat_tls_choisir_fonctionnalite-300x101.png 300w, https:\/\/www.domwest.com\/faq\/wp-content\/uploads\/2022\/09\/Domwest_certificat_tls_choisir_fonctionnalite-1024x346.png 1024w, https:\/\/www.domwest.com\/faq\/wp-content\/uploads\/2022\/09\/Domwest_certificat_tls_choisir_fonctionnalite-768x259.png 768w, https:\/\/www.domwest.com\/faq\/wp-content\/uploads\/2022\/09\/Domwest_certificat_tls_choisir_fonctionnalite.png 1051w\" sizes=\"auto, (max-width: 300px) 100vw, 300px\" \/><\/p>\n<h2>6 &#8211; Cliquez sur l&rsquo;onglet \u00ab\u00a0Certificat TLS (https)\u00a0\u00bb<\/h2>\n<p><img loading=\"lazy\" decoding=\"async\" class=\"alignnone size-medium wp-image-472\" src=\"https:\/\/www.domwest.com\/faq\/wp-content\/uploads\/2022\/09\/Domwest_certificat_tls_choisir_certificat_tls-300x64.png\" alt=\"\" width=\"300\" height=\"64\" srcset=\"https:\/\/www.domwest.com\/faq\/wp-content\/uploads\/2022\/09\/Domwest_certificat_tls_choisir_certificat_tls-300x64.png 300w, https:\/\/www.domwest.com\/faq\/wp-content\/uploads\/2022\/09\/Domwest_certificat_tls_choisir_certificat_tls-1024x219.png 1024w, https:\/\/www.domwest.com\/faq\/wp-content\/uploads\/2022\/09\/Domwest_certificat_tls_choisir_certificat_tls-768x164.png 768w, https:\/\/www.domwest.com\/faq\/wp-content\/uploads\/2022\/09\/Domwest_certificat_tls_choisir_certificat_tls.png 1266w\" sizes=\"auto, (max-width: 300px) 100vw, 300px\" \/><\/p>\n<h2><strong>7 &#8211; S\u00e9lectionnez \u00ab\u00a0Utiliser un certificat gratuit fourni par DomWest pour activer https.\u00a0\u00bb :<\/strong><\/h2>\n<p><img loading=\"lazy\" decoding=\"async\" class=\"alignnone size-medium wp-image-475\" src=\"https:\/\/www.domwest.com\/faq\/wp-content\/uploads\/2022\/09\/Domwest_certificat_tls_activer_certificat_tls-300x57.png\" alt=\"\" width=\"300\" height=\"57\" srcset=\"https:\/\/www.domwest.com\/faq\/wp-content\/uploads\/2022\/09\/Domwest_certificat_tls_activer_certificat_tls-300x57.png 300w, https:\/\/www.domwest.com\/faq\/wp-content\/uploads\/2022\/09\/Domwest_certificat_tls_activer_certificat_tls-700x135.png 700w, https:\/\/www.domwest.com\/faq\/wp-content\/uploads\/2022\/09\/Domwest_certificat_tls_activer_certificat_tls.png 710w\" sizes=\"auto, (max-width: 300px) 100vw, 300px\" \/><\/p>\n<h2><strong>8 &#8211; Cochez la case si vous souhaitez que toutes les requ\u00eates arrivant en http soient redirig\u00e9es vers https :<\/strong><\/h2>\n<p><img loading=\"lazy\" decoding=\"async\" class=\"alignnone size-medium wp-image-477\" src=\"https:\/\/www.domwest.com\/faq\/wp-content\/uploads\/2022\/09\/Domwest_certificat_tls_http_vers_https-300x58.png\" alt=\"\" width=\"300\" height=\"58\" srcset=\"https:\/\/www.domwest.com\/faq\/wp-content\/uploads\/2022\/09\/Domwest_certificat_tls_http_vers_https-300x58.png 300w, https:\/\/www.domwest.com\/faq\/wp-content\/uploads\/2022\/09\/Domwest_certificat_tls_http_vers_https-700x136.png 700w, https:\/\/www.domwest.com\/faq\/wp-content\/uploads\/2022\/09\/Domwest_certificat_tls_http_vers_https.png 706w\" sizes=\"auto, (max-width: 300px) 100vw, 300px\" \/><\/p>\n<p><em>Attention ! certains logiciels tels que Joomla, WordPress, Prestashop enregistrent l&rsquo;url de votre site. Il faut aussi modifier la configuration de ces logiciels pour leur indiquer que votre h\u00e9bergement est maintenant en https.<\/em><\/p>\n<h2>9 &#8211; Enregistrez vos modifications<\/h2>\n<p><img loading=\"lazy\" decoding=\"async\" class=\"alignnone size-full wp-image-482\" src=\"https:\/\/www.domwest.com\/faq\/wp-content\/uploads\/2022\/09\/Domwest_certificat_tls_enregistrer.png\" alt=\"\" width=\"136\" height=\"58\" \/><\/p>\n<p>Le certificat sera g\u00e9n\u00e9r\u00e9 dans la nuit qui suit l&rsquo;enregistrement et sera activ\u00e9 sur votre h\u00e9bergement vers 07h00 le matin.<\/p>\n","protected":false},"excerpt":{"rendered":"<p>Vous pouvez g\u00e9n\u00e9rer gratuitement un certificat TLS pour activer HTTPS sur chaque sous-domaine cr\u00e9\u00e9 dans notre offre d&rsquo;h\u00e9bergement Lite, Base ou \u00c9tendu. Ce tuto ne reprend pas la mise en place du sous-domaine qui fait l&rsquo;objet d&rsquo;un tuto s\u00e9par\u00e9. 1 \u2013 Connectez-vous \u00e0 la zone client avec vos identifiants 2 &#8211; Cliquez sur \u00ab\u00a0Les sites [&hellip;]<\/p>\n","protected":false},"author":2,"featured_media":0,"parent":104,"menu_order":0,"comment_status":"closed","ping_status":"closed","template":"","meta":{"footnotes":""},"class_list":["post-224","page","type-page","status-publish","hentry"],"_links":{"self":[{"href":"https:\/\/www.domwest.com\/faq\/wp-json\/wp\/v2\/pages\/224","targetHints":{"allow":["GET"]}}],"collection":[{"href":"https:\/\/www.domwest.com\/faq\/wp-json\/wp\/v2\/pages"}],"about":[{"href":"https:\/\/www.domwest.com\/faq\/wp-json\/wp\/v2\/types\/page"}],"author":[{"embeddable":true,"href":"https:\/\/www.domwest.com\/faq\/wp-json\/wp\/v2\/users\/2"}],"replies":[{"embeddable":true,"href":"https:\/\/www.domwest.com\/faq\/wp-json\/wp\/v2\/comments?post=224"}],"version-history":[{"count":29,"href":"https:\/\/www.domwest.com\/faq\/wp-json\/wp\/v2\/pages\/224\/revisions"}],"predecessor-version":[{"id":484,"href":"https:\/\/www.domwest.com\/faq\/wp-json\/wp\/v2\/pages\/224\/revisions\/484"}],"up":[{"embeddable":true,"href":"https:\/\/www.domwest.com\/faq\/wp-json\/wp\/v2\/pages\/104"}],"wp:attachment":[{"href":"https:\/\/www.domwest.com\/faq\/wp-json\/wp\/v2\/media?parent=224"}],"curies":[{"name":"wp","href":"https:\/\/api.w.org\/{rel}","templated":true}]}}