{"id":268,"date":"2019-06-06T17:44:58","date_gmt":"2019-06-06T15:44:58","guid":{"rendered":"https:\/\/www.domwest.com\/faq\/?page_id=268"},"modified":"2022-09-12T12:07:42","modified_gmt":"2022-09-12T10:07:42","slug":"comment-creer-une-boite-aux-lettres-sur-domwest","status":"publish","type":"page","link":"https:\/\/www.domwest.com\/faq\/messagerie\/comment-creer-une-boite-aux-lettres-sur-domwest\/","title":{"rendered":"Comment cr\u00e9er une boite aux lettres sur DomWest ?"},"content":{"rendered":"<p>La cr\u00e9ation d&rsquo;une boite aux lettres va vous permettre d&rsquo;avoir une adresse rattach\u00e9e \u00e0 votre nom de domaine et de recevoir des mails.<\/p>\n<p>Voici la proc\u00e9dure \u00e0 suivre pour sa mise en place :<\/p>\n<h2>1 &#8211; Connectez-vous \u00e0 la <a title=\"Plateforme d'administration des solutions DomWest\" href=\"https:\/\/client.domwest.com\" target=\"_blank\" rel=\"noopener\">zone client<\/a> avec vos identifiants<\/h2>\n<p><img loading=\"lazy\" decoding=\"async\" class=\"alignnone size-medium wp-image-386\" src=\"https:\/\/www.domwest.com\/faq\/wp-content\/uploads\/2022\/07\/Authentification_compte_domwest-300x295.png\" alt=\"Authentification site client domwest\" width=\"300\" height=\"295\" srcset=\"https:\/\/www.domwest.com\/faq\/wp-content\/uploads\/2022\/07\/Authentification_compte_domwest-300x295.png 300w, https:\/\/www.domwest.com\/faq\/wp-content\/uploads\/2022\/07\/Authentification_compte_domwest.png 426w\" sizes=\"auto, (max-width: 300px) 100vw, 300px\" \/><\/p>\n<h2>2 &#8211; Choisissez \u00ab\u00a0Boites aux lettres\u00a0\u00bb dans la cat\u00e9gorie \u00ab\u00a0Messagerie\u00a0\u00bb<\/h2>\n<p><img loading=\"lazy\" decoding=\"async\" class=\"alignnone size-full wp-image-389\" src=\"https:\/\/www.domwest.com\/faq\/wp-content\/uploads\/2022\/07\/Menu_Boites_aux_lettres.png\" alt=\"\" width=\"219\" height=\"196\" \/><\/p>\n<h2><em>3 &#8211; Si vous poss\u00e9dez plusieurs noms de domaine<\/em><\/h2>\n<p><em>Choisissez celui sur lequel vous souhaitez intervenir gr\u00e2ce \u00e0 <\/em><em>la liste en haut de l&rsquo;\u00e9cran.<br \/>\n<\/em><\/p>\n<p><img loading=\"lazy\" decoding=\"async\" class=\"alignnone size-medium wp-image-392\" src=\"https:\/\/www.domwest.com\/faq\/wp-content\/uploads\/2022\/07\/DomWest_choisissez_votre_nom_de_domaine-300x46.png\" alt=\"\" width=\"300\" height=\"46\" srcset=\"https:\/\/www.domwest.com\/faq\/wp-content\/uploads\/2022\/07\/DomWest_choisissez_votre_nom_de_domaine-300x46.png 300w, https:\/\/www.domwest.com\/faq\/wp-content\/uploads\/2022\/07\/DomWest_choisissez_votre_nom_de_domaine.png 455w\" sizes=\"auto, (max-width: 300px) 100vw, 300px\" \/><\/p>\n<h2>4 &#8211; Cliquez sur le bouton \u00ab\u00a0Ajouter\u00a0\u00bb<\/h2>\n<p><img loading=\"lazy\" decoding=\"async\" class=\"alignnone size-medium wp-image-395\" src=\"https:\/\/www.domwest.com\/faq\/wp-content\/uploads\/2022\/07\/Domwest_Zone_client_ajouter_une_boite_aux_lettres-300x200.png\" alt=\"\" width=\"300\" height=\"200\" srcset=\"https:\/\/www.domwest.com\/faq\/wp-content\/uploads\/2022\/07\/Domwest_Zone_client_ajouter_une_boite_aux_lettres-300x200.png 300w, https:\/\/www.domwest.com\/faq\/wp-content\/uploads\/2022\/07\/Domwest_Zone_client_ajouter_une_boite_aux_lettres-90x60.png 90w, https:\/\/www.domwest.com\/faq\/wp-content\/uploads\/2022\/07\/Domwest_Zone_client_ajouter_une_boite_aux_lettres.png 343w\" sizes=\"auto, (max-width: 300px) 100vw, 300px\" \/><\/p>\n<h2>5 &#8211; Cr\u00e9ez la boite avec l&rsquo;adresse mail que vous souhaitez utiliser et indiquez un mot de passe<\/h2>\n<h2><img loading=\"lazy\" decoding=\"async\" class=\"alignnone size-medium wp-image-401\" src=\"https:\/\/www.domwest.com\/faq\/wp-content\/uploads\/2022\/07\/Domwest_zone_client_creation_boite_aux_lettres_utilisateur_mot_de_passe-300x159.png\" alt=\"\" width=\"300\" height=\"159\" srcset=\"https:\/\/www.domwest.com\/faq\/wp-content\/uploads\/2022\/07\/Domwest_zone_client_creation_boite_aux_lettres_utilisateur_mot_de_passe-300x159.png 300w, https:\/\/www.domwest.com\/faq\/wp-content\/uploads\/2022\/07\/Domwest_zone_client_creation_boite_aux_lettres_utilisateur_mot_de_passe-768x408.png 768w, https:\/\/www.domwest.com\/faq\/wp-content\/uploads\/2022\/07\/Domwest_zone_client_creation_boite_aux_lettres_utilisateur_mot_de_passe.png 839w\" sizes=\"auto, (max-width: 300px) 100vw, 300px\" \/><\/h2>\n<p><em>Dans notre exemple, l&rsquo;adresse mail affect\u00e9e \u00e0 la boite aux lettres sera prenom.nom@mondomaine.fr.<\/em><\/p>\n<p>Vous pouvez consulter et envoyer des mails d\u00e8s maintenant et sans configuration en utilisant notre webmail.<\/p>\n<p>Vous pouvez aussi utiliser un logiciel sur votre ordinateur afin de g\u00e9rer vos message. Pour vous aider \u00e0 le configurer, nous vous avons pr\u00e9par\u00e9 diff\u00e9rents guide pas \u00e0 pas que vous pouvez consulter ici.<\/p>\n","protected":false},"excerpt":{"rendered":"<p>La cr\u00e9ation d&rsquo;une boite aux lettres va vous permettre d&rsquo;avoir une adresse rattach\u00e9e \u00e0 votre nom de domaine et de recevoir des mails. Voici la proc\u00e9dure \u00e0 suivre pour sa mise en place : 1 &#8211; Connectez-vous \u00e0 la zone client avec vos identifiants 2 &#8211; Choisissez \u00ab\u00a0Boites aux lettres\u00a0\u00bb dans la cat\u00e9gorie \u00ab\u00a0Messagerie\u00a0\u00bb 3 [&hellip;]<\/p>\n","protected":false},"author":2,"featured_media":0,"parent":147,"menu_order":0,"comment_status":"closed","ping_status":"closed","template":"","meta":{"footnotes":""},"class_list":["post-268","page","type-page","status-publish","hentry"],"_links":{"self":[{"href":"https:\/\/www.domwest.com\/faq\/wp-json\/wp\/v2\/pages\/268","targetHints":{"allow":["GET"]}}],"collection":[{"href":"https:\/\/www.domwest.com\/faq\/wp-json\/wp\/v2\/pages"}],"about":[{"href":"https:\/\/www.domwest.com\/faq\/wp-json\/wp\/v2\/types\/page"}],"author":[{"embeddable":true,"href":"https:\/\/www.domwest.com\/faq\/wp-json\/wp\/v2\/users\/2"}],"replies":[{"embeddable":true,"href":"https:\/\/www.domwest.com\/faq\/wp-json\/wp\/v2\/comments?post=268"}],"version-history":[{"count":24,"href":"https:\/\/www.domwest.com\/faq\/wp-json\/wp\/v2\/pages\/268\/revisions"}],"predecessor-version":[{"id":466,"href":"https:\/\/www.domwest.com\/faq\/wp-json\/wp\/v2\/pages\/268\/revisions\/466"}],"up":[{"embeddable":true,"href":"https:\/\/www.domwest.com\/faq\/wp-json\/wp\/v2\/pages\/147"}],"wp:attachment":[{"href":"https:\/\/www.domwest.com\/faq\/wp-json\/wp\/v2\/media?parent=268"}],"curies":[{"name":"wp","href":"https:\/\/api.w.org\/{rel}","templated":true}]}}