{"id":654,"date":"2023-06-09T11:07:02","date_gmt":"2023-06-09T09:07:02","guid":{"rendered":"https:\/\/www.domwest.com\/faq\/?page_id=654"},"modified":"2023-06-28T09:32:12","modified_gmt":"2023-06-28T07:32:12","slug":"configurer-windows-mail-microsoft","status":"publish","type":"page","link":"https:\/\/www.domwest.com\/faq\/messagerie\/logiciels-de-messagerie-emails\/configurer-windows-mail-microsoft\/","title":{"rendered":"Configurer Windows Mail \/ Courrier (Microsoft)"},"content":{"rendered":"<p>Vous pouvez configurer votre logiciel Windosw Mail de Microsoft afin qu&rsquo;il vienne pr\u00e9veler les mails de votre boite aux lettres. Voici les \u00e9tapes \u00e0 suivre.<\/p>\n<h2><strong>1 &#8211; Lancer l&rsquo;application et cliquer sur le bouton \u00ab\u00a0Ajouter un compte\u00a0\u00bb<br \/>\n<\/strong><\/h2>\n<p><img loading=\"lazy\" decoding=\"async\" class=\"alignnone size-medium wp-image-660\" src=\"https:\/\/www.domwest.com\/faq\/wp-content\/uploads\/2023\/06\/Windows_Mail_Courrier-Ajouter-un-compte-300x175.png\" alt=\"\" width=\"300\" height=\"175\" srcset=\"https:\/\/www.domwest.com\/faq\/wp-content\/uploads\/2023\/06\/Windows_Mail_Courrier-Ajouter-un-compte-300x175.png 300w, https:\/\/www.domwest.com\/faq\/wp-content\/uploads\/2023\/06\/Windows_Mail_Courrier-Ajouter-un-compte.png 360w\" sizes=\"auto, (max-width: 300px) 100vw, 300px\" \/><\/p>\n<h2><strong>2 &#8211; Descendre en bas de la liste pour cliquer sur \u00ab\u00a0Configuration Avanc\u00e9e\u00a0\u00bb<br \/>\n<\/strong><\/h2>\n<p><img loading=\"lazy\" decoding=\"async\" class=\"alignnone size-medium wp-image-664\" src=\"https:\/\/www.domwest.com\/faq\/wp-content\/uploads\/2023\/06\/Windows_Mail_Courrier_configuration_avancee-300x300.png\" alt=\"\" width=\"300\" height=\"300\" srcset=\"https:\/\/www.domwest.com\/faq\/wp-content\/uploads\/2023\/06\/Windows_Mail_Courrier_configuration_avancee-300x300.png 300w, https:\/\/www.domwest.com\/faq\/wp-content\/uploads\/2023\/06\/Windows_Mail_Courrier_configuration_avancee-150x150.png 150w, https:\/\/www.domwest.com\/faq\/wp-content\/uploads\/2023\/06\/Windows_Mail_Courrier_configuration_avancee.png 474w\" sizes=\"auto, (max-width: 300px) 100vw, 300px\" \/><\/p>\n<h2><strong>3 &#8211; Cliquer sur \u00ab\u00a0Courrier Internet\u00a0\u00bb<\/strong><\/h2>\n<p><img loading=\"lazy\" decoding=\"async\" class=\"alignnone size-medium wp-image-669\" src=\"https:\/\/www.domwest.com\/faq\/wp-content\/uploads\/2023\/06\/Windows_Mail_Courrier_courrier_internet-300x300.png\" alt=\"\" width=\"300\" height=\"300\" srcset=\"https:\/\/www.domwest.com\/faq\/wp-content\/uploads\/2023\/06\/Windows_Mail_Courrier_courrier_internet-300x300.png 300w, https:\/\/www.domwest.com\/faq\/wp-content\/uploads\/2023\/06\/Windows_Mail_Courrier_courrier_internet-150x150.png 150w, https:\/\/www.domwest.com\/faq\/wp-content\/uploads\/2023\/06\/Windows_Mail_Courrier_courrier_internet.png 474w\" sizes=\"auto, (max-width: 300px) 100vw, 300px\" \/><\/p>\n<h2><strong>4 &#8211; En vous inspirant de l&rsquo;image ci-dessous <\/strong><\/h2>\n<p>Renseignez votre adresse mail pr\u00e9alablement cr\u00e9\u00e9e sur la zone client ( <a href=\"https:\/\/client.domwest.com\">https:\/\/client.domwest.com<\/a> ), vos pr\u00e9nom\/nom, le mot de passe que vous avez affect\u00e9 \u00e0 votre adresse mail et le nom des serveurs DomWest.<\/p>\n<p><a href=\"https:\/\/www.domwest.com\/faq\/wp-content\/uploads\/2023\/06\/Windows_Mail_Courrier_detail_compte_imap.png\" target=\"_blank\" rel=\"noopener\"><img loading=\"lazy\" decoding=\"async\" class=\"alignnone size-medium wp-image-672\" src=\"https:\/\/www.domwest.com\/faq\/wp-content\/uploads\/2023\/06\/Windows_Mail_Courrier_detail_compte_imap-142x300.png\" alt=\"\" width=\"142\" height=\"300\" srcset=\"https:\/\/www.domwest.com\/faq\/wp-content\/uploads\/2023\/06\/Windows_Mail_Courrier_detail_compte_imap-142x300.png 142w, https:\/\/www.domwest.com\/faq\/wp-content\/uploads\/2023\/06\/Windows_Mail_Courrier_detail_compte_imap.png 474w\" sizes=\"auto, (max-width: 142px) 100vw, 142px\" \/><\/a><\/p>\n<h2><strong>5 &#8211; F\u00e9liciations, la configuration de votre boite au lettres est termin\u00e9e<\/strong>.<\/h2>\n<p>Vous pouvez maintenant utiliser Courrier de Windows 10 pour lire et r\u00e9diger vos mails<\/p>\n<p><img loading=\"lazy\" decoding=\"async\" class=\"alignnone size-medium wp-image-677\" src=\"https:\/\/www.domwest.com\/faq\/wp-content\/uploads\/2023\/06\/Windows_Mail_Courrier_detail_compte_confirme-300x300.png\" alt=\"\" width=\"300\" height=\"300\" srcset=\"https:\/\/www.domwest.com\/faq\/wp-content\/uploads\/2023\/06\/Windows_Mail_Courrier_detail_compte_confirme-300x300.png 300w, https:\/\/www.domwest.com\/faq\/wp-content\/uploads\/2023\/06\/Windows_Mail_Courrier_detail_compte_confirme-150x150.png 150w, https:\/\/www.domwest.com\/faq\/wp-content\/uploads\/2023\/06\/Windows_Mail_Courrier_detail_compte_confirme.png 474w\" sizes=\"auto, (max-width: 300px) 100vw, 300px\" \/><\/p>\n","protected":false},"excerpt":{"rendered":"<p>Vous pouvez configurer votre logiciel Windosw Mail de Microsoft afin qu&rsquo;il vienne pr\u00e9veler les mails de votre boite aux lettres. Voici les \u00e9tapes \u00e0 suivre. 1 &#8211; Lancer l&rsquo;application et cliquer sur le bouton \u00ab\u00a0Ajouter un compte\u00a0\u00bb 2 &#8211; Descendre en bas de la liste pour cliquer sur \u00ab\u00a0Configuration Avanc\u00e9e\u00a0\u00bb 3 &#8211; Cliquer sur \u00ab\u00a0Courrier [&hellip;]<\/p>\n","protected":false},"author":2,"featured_media":0,"parent":545,"menu_order":0,"comment_status":"closed","ping_status":"closed","template":"","meta":{"footnotes":""},"class_list":["post-654","page","type-page","status-publish","hentry"],"_links":{"self":[{"href":"https:\/\/www.domwest.com\/faq\/wp-json\/wp\/v2\/pages\/654","targetHints":{"allow":["GET"]}}],"collection":[{"href":"https:\/\/www.domwest.com\/faq\/wp-json\/wp\/v2\/pages"}],"about":[{"href":"https:\/\/www.domwest.com\/faq\/wp-json\/wp\/v2\/types\/page"}],"author":[{"embeddable":true,"href":"https:\/\/www.domwest.com\/faq\/wp-json\/wp\/v2\/users\/2"}],"replies":[{"embeddable":true,"href":"https:\/\/www.domwest.com\/faq\/wp-json\/wp\/v2\/comments?post=654"}],"version-history":[{"count":19,"href":"https:\/\/www.domwest.com\/faq\/wp-json\/wp\/v2\/pages\/654\/revisions"}],"predecessor-version":[{"id":678,"href":"https:\/\/www.domwest.com\/faq\/wp-json\/wp\/v2\/pages\/654\/revisions\/678"}],"up":[{"embeddable":true,"href":"https:\/\/www.domwest.com\/faq\/wp-json\/wp\/v2\/pages\/545"}],"wp:attachment":[{"href":"https:\/\/www.domwest.com\/faq\/wp-json\/wp\/v2\/media?parent=654"}],"curies":[{"name":"wp","href":"https:\/\/api.w.org\/{rel}","templated":true}]}}